6279
List the prime factors of 22159383.
3, 2239, 3299
List the prime factors of 868775110.
2, 5, 7, 83, 149531
What are the prime factors of 1235943514?
2, 13, 47536289
What are the prime factors of 55944604?
2, 227, 61613
What are the prime factors of 77482412?
2, 7, 2767229
List the prime factors of 694024551.
3, 11, 2336783
What are the prime factors of 666451029?
3, 222150343
What are the prime factors of 1855839035?
5, 371167807
What are the prime factors of 669691343?
251, 2668093
What are the prime factors of 3359262086?
2, 199, 8440357
List the prime factors of 17780866.
2, 409, 21737
List the prime factors of 229984606.
2, 113, 383, 2657
What are the prime factors of 138014251?
7673, 17987
List the prime factors of 2191291441.
37, 59224093
What are the prime factors of 404487420?
2, 3, 5, 397, 16981
What are the prime factors of 480546846?
2, 3, 13, 2053619
List the prime factors of 305853764.
2, 76463441
List the prime factors of 636119634.
2, 3, 17, 366851
What are the prime factors of 470993094?
2, 3, 11, 13, 182981
What are the prime factors of 6684990698?
2, 307, 10887607
What are the prime factors of 35905425?
3, 5, 478739
What are the prime factors of 34249384?
2, 13, 329321
What are the prime factors of 2636633862?
2, 3, 48826553
List the prime factors of 153843131.
13, 1103, 10729
What are the prime factors of 58406301?
3, 199, 32611
What are the prime factors of 31529037?
3, 19, 553141
What are the prime factors of 5275331445?
3, 5, 351688763
List the prime factors of 64982516.
2, 16245629
What are the prime factors of 1211439625?
5, 11, 59, 109, 137
List the prime factors of 986532037.
41, 24061757
List the prime factors of 5819078130.
2, 3, 5, 19, 571, 941
List the prime factors of 6612298100.
2, 5, 2579, 25639
What are the prime factors of 530892865?
5, 73, 101, 14401
What are the prime factors of 389289517?
389289517
List the prime factors of 6632583807.
3, 23, 1009, 95267
List the prime factors of 55305946.
2, 107, 109, 2371
List the prime factors of 2141887048.
2, 7, 38247983
List the prime factors of 93487558.
2, 89, 263, 1997
What are the prime factors of 77670394?
2, 73, 531989
List the prime factors of 349140902.
2, 11, 1442731
What are the prime factors of 101185644?
2, 3, 7, 709, 1699
List the prime factors of 184815353.
83, 89, 127, 197
What are the prime factors of 45709013?
7, 83, 11239
List the prime factors of 64092934.
2, 31, 33347
What are the prime factors of 123925531?
123925531
List the prime factors of 95295139.
3011, 31649
List the prime factors of 55918204.
2, 199, 70249
What are the prime factors of 3236219903?
7, 462317129
List the prime factors of 18943911.
3, 7, 389, 773
List the prime factors of 1424447843.
7, 13, 15653273
What are the prime factors of 348252068?
2, 29, 3002173
What are the prime factors of 126052862?
2, 13, 67, 269
What are the prime factors of 53330600?
2, 5, 97, 2749
List the prime factors of 45688286.
2, 7, 66601
List the prime factors of 192550531.
113, 1093, 1559
What are the prime factors of 574976612?
2, 7, 20534879
What are the prime factors of 41689570?
2, 5, 13, 23, 73, 191
What are the prime factors of 36309443?
36309443
List the prime factors of 8563299.
3, 2854433
What are the prime factors of 1827930820?
2, 5, 91396541
What are the prime factors of 525308521?
7523, 69827
List the prime factors of 202037406.
2, 3, 4957, 6793
What are the prime factors of 3982880949?
3, 73, 2843, 6397
List the prime factors of 86308999.
7, 12329857
What are the prime factors of 17099679?
3, 953, 5981
List the prime factors of 483878484.
2, 3, 43, 312583
List the prime factors of 117874787.
17, 241, 28771
List the prime factors of 650447429.
23, 47, 53, 11353
What are the prime factors of 1121782195?
5, 2687, 83497
List the prime factors of 24188520.
2, 3, 5, 19, 103
List the prime factors of 84940744.
2, 7, 31, 113, 433
What are the prime factors of 2800105296?
2, 3, 5477, 10651
List the prime factors of 266044615.
5, 37, 38867
What are the prime factors of 3385416155?
5, 11, 113, 544717
List the prime factors of 29343283.
29343283
What are the prime factors of 172484314?
2, 23, 89, 42131
List the prime factors of 2614374234.
2, 3, 61, 2381033
What are the prime factors of 340916381?
13, 1597, 16421
List the prime factors of 58262.
2, 29131
What are the prime factors of 2023186147?
1783, 1134709
What are the prime factors of 44979604?
2, 11244901
What are the prime factors of 4406380553?
29, 1063, 142939
List the prime factors of 63992835.
3, 5, 31, 1699
List the prime factors of 234307283.
7, 61, 97, 5657
What are the prime factors of 2018266873?
7, 31, 331, 28099
What are the prime factors of 449249216?
2, 13, 89, 6067
What are the prime factors of 215616654?
2, 3, 11, 120997
What are the prime factors of 7351970?
2, 5, 107, 6871
List the prime factors of 23859920.
2, 5, 7, 137, 311
What are the prime factors of 198586604?
2, 101, 149, 3299
List the prime factors of 27147006.
2, 3, 509, 2963
List the prime factors of 123302161.
123302161
List the prime factors of 52432062.
2, 3, 61, 143257
What are the prime factors of 6620247778?
2, 41, 80734729
What are the prime factors of 95998038?
2, 3, 3847, 4159
List the prime factors of 183165574.
2, 683, 134089
What are the prime factors of 43294135?
5, 31, 279317
List the prime factors of 266965975.
5, 1021, 10459
What are the prime factors of 1493562403?
59, 25314617
List the prime factors of 716606008.
2, 29, 43, 2477
List the prime factors of 974609719.
47, 89, 151, 1543
What are the prime factors of 6950910558?
2, 3, 47, 24648619
List the prime factors of 51262128.
2, 3, 83, 4289
List the prime factors of 146034509.
283, 516023
List the prime factors of 50344042.
2, 7, 3596003
List the prime factors of 261516228.
2, 3, 19, 79, 14519
What are the prime factors of 646547418?
2, 3, 11, 61, 199, 269
What are the prime factors of 10427393?
73, 142841
List the prime factors of 177814331.
19, 43, 217643
List the prime factors of 4017986506.
2, 19, 105736487
What are the prime factors of 58937965?
5, 11787593
What are the prime factors of 2482317170?
2, 5, 67, 3704951
What are the prime factors of 565972641?
3, 13, 4837373
List the prime factors of 2691988235.
5, 538397647
What are the prime factors of 203495435?
5, 11, 13, 21893
List the prime factors of 2156666591.
43, 50155037
List the prime factors of 31459958.
2, 71, 221549
What are the prime factors of 29969153?
29969153
List the prime factors of 67428383.
11, 293, 20921
What are the prime factors of 119637208?
2, 199, 75149
List the prime factors of 1178410672.
2, 773, 95279
List the prime factors of 90073937.
71, 223, 5689
List the prime factors of 260513166.
2, 3, 43418861
List the prime factors of 2450950336.
2, 38296099
List the prime factors of 2915579561.
233, 1979, 6323
List the prime factors of 57423738.
2, 3, 19, 503717
What are the prime factors of 2784369308?
2, 7, 99441761
What are the prime factors of 554656743?
3, 31, 263, 7559
List the prime factors of 163897028.
2, 40974257
List the prime factors of 3693496842.
2, 3, 7, 3931, 7457
List the prime factors of 28610687.
7, 127, 32183
List the prime factors of 2152825793.
2152825793
What are the prime factors of 153399442?
2, 7, 10957103
List the prime factors of 1436250128.
2, 19, 103, 45869
List the prime factors of 174568086.
2, 3, 7, 11, 19, 947
What are the prime factors of 1306198726?
2, 7, 93299909
What are the prime factors of 27535150?
2, 5, 550703
What are the prime factors of 4203739?
103, 40813
What are the prime factors of 68186099?
17, 23, 174389
List the prime factors of 625331579.
5189, 120511
What are the prime factors of 40733256?
2, 3, 31, 53, 1033
List the prime factors of 4716421217.
4716421217
List the prime factors of 145095982.
2, 79, 918329
What are the prime factors of 1234561880?
2, 5, 1171, 26357
List the prime factors of 3084107480.
2, 5, 77102687
What are the prime factors of 38237246?
2, 19118623
List the prime factors of 53362190.
2, 5, 7, 61, 12497
What are the prime factors of 108866511?
3, 13, 103387
What are the prime factors of 1098315591?
3, 79, 113, 41011
List the prime factors of 4137484431.
3, 797, 1730441
List the prime factors of 1961525730.
2, 3, 5, 47, 29599
List the prime 